2*v + z. Let x(d) = d**3 - 4*d**2 + 5*d - 2. What is x(u)?
4
Let h(q) = 0*q**2 - 17 - 2*q**2 + 0*q + 3*q + 3*q**2 + 6. Calculate h(-5).
-1
Suppose -2*r - 2 = -2*u, -2*u + 1 + 2 = -r. Let o(y) = 6*y - 3*y**2 + 8*y**u - y**3 - 1 - 2. Suppose 3 = d + x, 5*d - 2*d + x - 15 = 0. Give o(d).
-3
Let t(g) be the first derivative of g**3/3 - 3*g**2 - 8*g - 39. Determine t(7).
-1
Suppose -u + 4 = -1. Let p(t) be the second derivative of -t**7/2520 + t**6/120 + t**5/120 + t**4/6 - 2*t. Let y(x) be the third derivative of p(x). Give y(u).
6
Let m(u) = -8*u - 1. Let x(q) = 2*q + 1 - q - 2*q. Let f(w) = -m(w) + 4*x(w). Determine f(-6).
-19
Suppose 5*p + 6 = 6*p. Let d be (15/p)/(2/4). Let o(v) = 4*v**2 + 5*v + 2 - 4 - 4*v**3 + 3*v**3. Give o(d).
-2
Let q(h) be the second derivative of h**5/20 + 7*h**4/12 + 3*h**2 + 2*h - 101. Let m = -14 + 7. Calculate q(m).
6
Let u(z) = 4*z**2 - 15 + z**2 - 3*z**2 - z + 14. Suppose 2*j + 5*r = 3*r, -5*j + r = 12. What is u(j)?
9
Let m(g) = g - 1. Let p(n) = -n**2 + 15*n - 10. Let h be (-1512)/(-105) + -2*(-2)/(-10). Let f be p(h). Calculate m(f).
3
Let a be -3 - ((-2)/1)/(-2). Let f(o) = o**3 + 49*o + 5 - 16*o - 15*o - 15*o + 4*o**2. What is f(a)?
-7
Suppose -r - 30 = -5*p - 3*r, 30 = 5*p - 4*r. Let o = p + 6. Suppose 0*n = 2*n + 4*q - 16, 3*q = -5*n + o. Let x(z) = z - 4. Calculate x(n).
-4
Let i = 874 - 881. Let k(n) = -n**3 - 6*n**2 - 3*n - 8. Let h be k(-6). Let w(x) = x**2 + h*x + 4 - 2*x + 1. Calculate w(i).
-2
Let u(y) be the first derivative of -y**2/2 + y + 3. Let b(r) = -r + 2. Let o(a) = 2*b(a) - 3*u(a). What is o(-1)?
0
Let r(l) = 7*l**3 - 5*l**2 - 2 - l + 10*l**2 - 8*l**3 + 6. Let s be (-126)/(-26) + 4/26. Calculate r(s).
-1
Suppose -73*i = -24*i - 31*i + 162. Let d(u) be the second derivative of -u**4/12 - 5*u**3/3 - 3*u**2 + u. Calculate d(i).
3
Let s(z) = 2*z + 2. Let c be (-215)/45 + (-8)/36. Let b be 16/c + (-2)/(-10). Determine s(b).
-4
Let q(n) = 2*n - 15. Let c = -42 + 49. Calculate q(c).
-1
Let f(p) = -2*p + 2. Suppose -3*q - 100 = -103. Give f(q).
0
Suppose -5*i - 31 = t, -3*t + 3*i - 3 = -0*i. Let b(y) = 3*y + 6. Give b(t).
-12
Let a = 52 + -108. Let b be a/(-12) + (-6)/9. Let t(v) be the third derivative of -v**4/12 - v**3/6 - v**2. Determine t(b).
-9
Let r(s) = -3*s - 5. Suppose -3*p = -l - p + 4, -3*l - 5*p - 32 = 0. What is r(l)?
7
Let f(c) = -3*c**2 - 12*c + 5. Let z be 9/18*(-24)/(2 + 1). Give f(z).
5
Let d be ((-2)/(-4))/((-2)/(-44)). Let i(c) = 5*c + 8*c + 4 - 24*c + 12*c - c**2. Let l(k) = 6*k**2 - 5*k - 21. Let h(z) = d*i(z) + 2*l(z). Determine h(0).
2
Let r(z) = -z**2 - 1. Let m = -132 + 128. What is r(m)?
-17
Let u(s) = -16*s - 8. Let l be u(-3). Let o(f) = 20*f**2 + 1 - l*f**2 + 19*f**2 - f. Determine o(-2).
-1
Let l = -9 + 5. Let i(x) = -x**2 - 6*x - 6. Let p be i(l). Let m(h) = h - 27*h + 8*h + 14*h + 2 + 5*h - h**2. Give m(p).
0
Let r(f) = 3*f + 6. Let z be (-3)/((3 + 0)/6). Let l = -17 - z. Let t = l + 5. Calculate r(t).
-12
Let h(v) = 202 - 103 - 5*v - 101. What is h(2)?
-12
Let t(b) = 95*b + 193. Let i be t(-2). Let m(d) = d**3 - 2*d**2 - d - 10. Determine m(i).
-4
Let g(c) = 3*c. Suppose -5*x - 5*s = 40 - 5, 4*s = 6*x + 12. What is g(x)?
-12
Let a(f) be the first derivative of f**4/4 + 5*f**3/3 + 5*f**2/2 + 2*f + 76. Determine a(-3).
5
Let a(o) = -1001*o - 4 - 998*o - 1 + 1994*o. Calculate a(-2).
5
Let u(q) = -2*q + 6. Suppose 0*i - 2 = i - 2*m, 5*i = -2*m + 2. Give u(i).
6
Let a(w) = w**3 - 4*w**2 + 4*w + 1. Let t(o) = -16*o - 29. Let n be t(-7). Let z = n + -79. Give a(z).
17
Let t(q) = -20*q**2 - 52*q + 42. Let d(v) = -7*v**2 - 18*v + 15. Let j(z) = -17*d(z) + 6*t(z). Suppose -5*u - 7 - 3 = 0. What is j(u)?
5
Let z(h) be the first derivative of 33 + h - h**2 + 8/3*h**3. Give z(1).
7
Let n(k) = 3*k**3 - 9*k**2 - 6*k - 6. Let a(s) = 5*s**3 - 17*s**2 - 11*s - 12. Let i(d) = -4*a(d) + 7*n(d). Let r = -621 + 616. Determine i(r).
-4
Let o be (9/(-6))/((-18)/60). Let i(p) = -7*p + 13. What is i(o)?
-22
Let r be 3*1*(1 - 0). Let l(w) = -4 + 93*w - 50*w + 14*w**3 - 13*w**3 + 0*w**2 - 44*w - 2*w**2. Determine l(r).
2
Let v(z) = -4*z - 14. Let p(o) = -122*o + 111. Let n be p(1). What is v(n)?
30
Let n(m) be the first derivative of -m**2/2 - 4*m - 23. Let y(t) = t**2 + 5*t + 3. Let k be -4 - 2*3/6. Let d be y(k). Calculate n(d).
-7
Let w = -4 - -7. Let c be 138/(-14) - w/21. Let s be ((-18)/10)/(3/c). Let r(h) = -h**2 + 5*h + 4. Determine r(s).
-2
Suppose f = -2*f - 18. Let i(q) = -28 + 10 + 22 - 8*q - q**2. Give i(f).
16
Let i(x) = -2*x**2 - 16*x + 12. Let z(g) = -6*g - 9. Let y be z(0). Give i(y).
-6
Let b(z) = -z**2 - 7*z - 9. Let l(i) = i**3 + 5*i**2 + 2*i + 3. Let v be l(-5). What is b(v)?
-9
Suppose -l + 4 + 11 = 3*j, 3*l - 21 = -3*j. Let w(k) be the first derivative of 0*k + 10 - 3/2*k**2. Determine w(l).
-9
Let d be (-48)/28 - 2/7. Let v(k) = k**3 + k**2 + 2*k + 2. Let u be v(d). Let l(p) = -p - 6. Let s(f) = -2*f - 11. Let q(y) = u*s(y) + 13*l(y). Calculate q(0).
-12
Let j be 14/2 - (21 - 17). Let o be ((-8)/6 + 2)*j. Let x(v) = 5*v + v - v**2 - o*v. Calculate x(5).
-5
Suppose 8*i + 126 = -18. Let p = -16 - i. Let x(b) = -b**3 + b**2 + 2. Calculate x(p).
-2
Let n(o) = 2*o**3 - o**2 - 18*o - 18. Let i(w) = 3*w**3 - 2*w**2 - 27*w - 28. Let d(m) = 5*i(m) - 8*n(m). Determine d(-4).
0
Let b(p) = -p**3 - 5*p**2 - 6*p - 5. Let q(g) = g**2 - 21*g + 18. Let y be q(8). Let d = 82 + y. Calculate b(d).
3
Let a = 14 + 25. Let q(n) = -2*n + 35 - a + n. What is q(-9)?
5
Suppose -30 = -3*r + 5*s - 3*s, 0 = 5*s. Let h = r - 8. Suppose h = 2*n, 0 = -3*f + 2*n + 12 + 1. Let i(m) = m**2 - 6*m - 4. What is i(f)?
-9
Let p(y) be the third derivative of -y**4/24 + y**3/6 - 2*y**2. Let u = 49 + -46. Suppose -f + 6 = 2*g, u*g - 36 = 4*f - g. Calculate p(f).
5
Let d = 8 - 3. Let g(j) = 4*j**3 - 5*j**3 - 3*j**2 + 4 - 7*j + 16*j**2 - j**2 - 6*j**2. What is g(d)?
-6
Let s(l) = 4*l**2 + 8*l + 30. Let q(x) = -3*x**2 - 7*x - 32. Let p(a) = 3*q(a) + 2*s(a). Let i(h) be the first derivative of p(h). Give i(-7).
9
Suppose 3*f + 4 + 10 = 2*s, -3*f - 5*s = 28. Let c(x) = -31*x + 19. Let y(q) = -50*q + 29. Let g(d) = 8*c(d) - 5*y(d). What is g(f)?
-5
Let x be (0/(-2 - -5))/(-1). Let c = -3 - x. Let k(t) = -3*t - 7. Let o(i) = -2*i - 6. Let u(v) = c*k(v) + 4*o(v). Calculate u(3).
0
Suppose 9*q = 5*q - 12. Let l(b) = -b**2 - 4*b. Determine l(q).
3
Let q be -2 + -2 + -2 + 8. Suppose 0 = q*a + 28 - 20. Let c(y) = 2*y + 1. Calculate c(a).
-7
Let h(n) = 4*n**2 - 1. Suppose u - 4*u + 81 = 0. Suppose 5*a - 78 = -4*c, 5*a - 4*c - 35 = u. Let v = -15 + a. Calculate h(v).
3
Let z = -19 - -21. Let f be 15/10*4 - z. Let l(n) = 2*n - 2*n + f*n - 5*n. Calculate l(6).
-6
Let t(v) = -9*v**3 + 2*v**2 + 3*v - 24. Let a(k) = -5*k**3 + k**2 + 2*k - 13. Let i(c) = -11*a(c) + 6*t(c). Determine i(-3).
-7
Let q(o) be the second derivative of -o**5/20 - o**4/2 - o**3/6 + o**2 - 591*o - 2. Let r(n) = -3*n**2 + 4*n - 2. Let t = 0 + 2. Let w be r(t). Give q(w).
8
Let d(p) = -11*p**2 + 221*p**3 - 15*p + 30 - 120*p**3 - 100*p**3. What is d(12)?
-6
Let o(s) = 2*s + 4*s**2 + 5*s + 3*s - 12*s. Let k be (80/32)/(2/4) + -3. Calculate o(k).
12
Let y(c) = 3*c - 20. Let h be y(9). Let i = 9 - h. Let a(v) = -4*v + 2. Determine a(i).
-6
Let o(s) = -33691*s - 37 + 33687*s + 38. Suppose 5*w = 4*t + 1, 1 = 2*t - 3*w - 0. Calculate o(t).
17
Let t(k) = k**2 - 8*k - 6. Let d be t(-1). Let l(r) = r**2 - 7*r + 1. What is l(d)?
-11
Suppose -7*o - 10 = -3. Let m(i) = 7*i + 1 - 2 - 10*i. Give m(o).
2
Let i(m) = -m**2 + 7. Let g be i(3). Let r(y) be the third derivative of 0 + 0*y**5 + 1/12*y**4 + 0*y + 1/120*y**6 - y**2 + 1/2*y**3. Determine r(g).
-9
Let o(i) = 2*i**3 + 13*i**2 - 11*i + 7. Let f = 3 + -7. Let w(b) = b**3 + 7*b**2 - 6*b + 4. Let h(a) = f*o(a) + 7*w(a). Suppose 20 = -5*x - 0. Calculate h(x).
8
Let h be ((-80)/6 - 330/(-99)) + 13. Let w(d) be the third derivative of -d**6/120 + d**5/20 - d**4/12 - d**3/2 + 2*d**2. Give w(h).
-9
Let x(a) be the first derivative of 11 - 3*a - 1/3*a**3 + a**2. Calculate x(4).
-11
Let o(s) = -6*s - 1. Suppose 3*b - 2 = 5*b. Let i(p) = -3*p**2 + 1. Let g be i(b). What is o(g)?
11
Suppose 0 = -6*x + 4*x - 4*c - 16, -5*x = 3*c + 19. Let w(o) = 2*o**2 - 2. What is w(x)?
6
Let v(o) = o**3 - 5*o**2 - 4*o + 6. Let f(j) = 7*j - 1